on divisor of 4148 and 54315.
17
What is the greatest common factor of 9468 and 41904?
36
What is the greatest common divisor of 78142 and 2?
2
Calculate the highest common divisor of 510566 and 14.
14
What is the greatest common factor of 2228700 and 255?
255
Calculate the highest common factor of 1683 and 26775.
153
Calculate the highest common factor of 33 and 2991.
3
Calculate the greatest common divisor of 19240 and 65650.
130
What is the greatest common factor of 36478 and 23?
23
Calculate the highest common divisor of 8625 and 54750.
375
What is the greatest common divisor of 289143 and 27?
27
Calculate the greatest common factor of 3782 and 7198.
122
Calculate the greatest common factor of 2828 and 17038.
14
What is the greatest common divisor of 12031982 and 151?
151
Calculate the highest common factor of 13145 and 220.
55
Calculate the highest common divisor of 353964 and 247.
13
What is the highest common divisor of 401112 and 6912?
216
What is the highest common factor of 3135 and 160?
5
Calculate the highest common factor of 11001 and 114.
57
What is the highest common divisor of 4631 and 3487?
11
Calculate the highest common factor of 18460 and 204196.
284
What is the highest common factor of 308 and 423808?
308
Calculate the greatest common divisor of 86975 and 875.
175
What is the highest common factor of 1152 and 15360?
384
What is the highest common divisor of 1470 and 6030?
30
What is the highest common divisor of 8428 and 62181?
49
Calculate the greatest common factor of 8343 and 91361.
103
What is the highest common factor of 130 and 1288729?
13
What is the greatest common divisor of 1411258 and 263?
263
What is the highest common factor of 198835 and 89700?
1495
Calculate the highest common factor of 12051 and 611.
13
Calculate the greatest common factor of 96 and 505656.
24
What is the greatest common factor of 1035 and 3174138?
207
Calculate the highest common divisor of 15007 and 55142.
349
What is the greatest common factor of 525 and 2320325?
175
What is the highest common divisor of 23904 and 42579?
747
What is the highest common factor of 268917 and 4785?
957
Calculate the highest common divisor of 2278540 and 22.
22
Calculate the highest common divisor of 12372 and 336.
12
What is the greatest common factor of 3978 and 1054?
34
What is the highest common factor of 108 and 27918?
54
Calculate the highest common factor of 19 and 265943.
19
Calculate the greatest common factor of 1919 and 354005.
101
Calculate the highest common factor of 72 and 457731.
9
Calculate the highest common divisor of 168 and 5768.
56
Calculate the highest common factor of 70 and 1384215.
35
What is the greatest common divisor of 52509 and 46?
23
Calculate the greatest common factor of 2250 and 56950.
50
What is the greatest common divisor of 3110857 and 131?
131
What is the greatest common divisor of 777 and 19869?
111
Calculate the greatest common divisor of 953293 and 237.
79
What is the greatest common factor of 58022 and 670?
134
Calculate the greatest common factor of 100 and 81450.
50
What is the greatest common factor of 391254 and 30?
6
What is the greatest common factor of 2740 and 821452?
548
What is the greatest common factor of 13 and 3596970?
13
Calculate the greatest common factor of 4508 and 4807.
23
Calculate the highest common factor of 2 and 208184.
2
What is the highest common divisor of 42 and 3126?
6
What is the highest common factor of 1680 and 5400?
120
Calculate the highest common factor of 795 and 67305.
15
Calculate the highest common factor of 512 and 88864.
32
Calculate the highest common factor of 33677 and 8449.
119
What is the greatest common divisor of 135 and 367815?
15
Calculate the greatest common factor of 110 and 5990655.
55
Calculate the greatest common divisor of 3461 and 157.
1
Calculate the highest common factor of 506345 and 1887.
629
What is the highest common factor of 171 and 844227?
171
What is the highest common divisor of 18 and 889281?
9
What is the highest common divisor of 216 and 3606336?
216
Calculate the highest common factor of 436667 and 742.
371
What is the highest common divisor of 15531 and 837?
93
What is the greatest common factor of 9230 and 4544?
142
Calculate the greatest common divisor of 138789 and 18.
9
What is the greatest common divisor of 6384 and 513?
57
What is the greatest common factor of 387 and 1287?
9
Calculate the greatest common divisor of 1986 and 1753638.
1986
What is the highest common divisor of 6795468 and 36?
36
What is the greatest common divisor of 341 and 17422?
31
What is the highest common divisor of 15914 and 1898?
146
What is the highest common factor of 212 and 2012?
4
Calculate the greatest common factor of 77 and 20515.
11
Calculate the greatest common divisor of 1305 and 19836.
261
Calculate the greatest common divisor of 291 and 999.
3
What is the greatest common divisor of 215657 and 1378?
689
Calculate the highest common factor of 80 and 559920.
80
Calculate the greatest common factor of 1134801 and 255.
51
What is the highest common factor of 106968 and 216?
24
Calculate the highest common divisor of 1536 and 66624.
192
Calculate the greatest common factor of 29624 and 952.
56
What is the highest common divisor of 141 and 65847?
141
What is the greatest common divisor of 50939 and 12901?
133
Calculate the greatest common factor of 2944 and 230.
46
Calculate the greatest common factor of 107082 and 1566.
54
Calculate the greatest common factor of 181784 and 7192.
248
Calculate the greatest common factor of 159968 and 128.
32
Calculate the highest common divisor of 12760 and 428620.
580
Calculate the greatest common factor of 204 and 5402226.
102
Calculate the highest common factor of 1711 and 1856.
29
Calculate the greatest common divisor of 14736 and 624.
48
What is the greatest common divisor of 620 and 4280?
20
Calculate the greatest common factor of 242 and 222398.
242
Calculate the highest common factor of 693 and 296901.
99
What is the greatest common divisor of 19311 and 8364?
123
Calculate the highest common divisor of 8610 and 570.
30
Calculate the greatest common divisor of 414 and 667.
23
What is the highest common divisor of 860 and 3973630?
430
What is the greatest common divisor of 188 and 713836?
188
Calculate the highest common divisor of 93956 and 20.
4
What is the highest common factor of 6486 and 10293?
141
What is the highest common divisor of 25262 and 34?
34
Calculate the greatest common divisor of 26 and 2542696.
26
Calculate the highest common divisor of 150 and 66075.
75
Calculate the greatest common divisor of 71511 and 2955.
591
What is the highest common divisor of 223884 and 324?
324
Calculate the greatest common factor of 78184 and 4.
4
What is the greatest common factor of 184601 and 503?
503
What is the greatest common factor of 1632 and 11532?
12
Calculate the greatest common factor of 16 and 32888.
8
What is the highest common divisor of 42 and 2702?
14
What is the highest common factor of 6 and 1132722?
6
Calculate the greatest common factor of 20 and 2417210.
10
What is the greatest common divisor of 675 and 188025?
75
What is the highest common divisor of 11 and 41393?
11
Calculate the highest common divisor of 88912 and 48.
16
Calculate the highest common factor of 1288 and 1253.
7
Calculate the greatest common factor of 23 and 264247.
23
Calculate the greatest common divisor of 125 and 261525.
25
Calculate the greatest common factor of 1051171 and 11.
11
Calculate the greatest common divisor of 738 and 697.
41
Calculate the greatest common factor of 40002 and 36462.
354
Calculate the highest common factor of 1023 and 330.
33
What is the greatest common divisor of 51 and 4709?
17
What is the highest common divisor of 16692 and 1872?
156
What is the greatest common divisor of 12614 and 4046?
238
What is the greatest common divisor of 53 and 81?
1
Calculate the greatest common factor of 948 and 1572.
12
Calculate the greatest common factor of 63 and 25776.
9
What is the greatest common divisor of 154 and 3402?
14
Calculate the highest common divisor of 2065 and 5596976.
413
Calculate the highest common factor of 8349 and 528.
33
Calculate the highest common divisor of 946 and 3586.
22
What is the highe